{"id":91,"date":"2022-03-30T12:13:29","date_gmt":"2022-03-30T12:13:29","guid":{"rendered":"https:\/\/beta.callcentercom.de\/?page_id=91"},"modified":"2022-03-30T12:13:29","modified_gmt":"2022-03-30T12:13:29","slug":"unternehmen","status":"publish","type":"page","link":"https:\/\/www.callcentercom.de\/index.php\/unternehmen\/","title":{"rendered":"Unternehmen"},"content":{"rendered":"<p>[et_pb_section fb_built=&#8220;1&#8243; theme_builder_area=&#8220;post_content&#8220; _builder_version=&#8220;4.15.1&#8243; _module_preset=&#8220;default&#8220;][et_pb_row _builder_version=&#8220;4.15.1&#8243; _module_preset=&#8220;default&#8220; theme_builder_area=&#8220;post_content&#8220;][et_pb_column _builder_version=&#8220;4.15.1&#8243; _module_preset=&#8220;default&#8220; type=&#8220;4_4&#8243; theme_builder_area=&#8220;post_content&#8220;][et_pb_text _builder_version=&#8220;4.15.1&#8243; _module_preset=&#8220;default&#8220; theme_builder_area=&#8220;post_content&#8220; hover_enabled=&#8220;0&#8243; sticky_enabled=&#8220;0&#8243;]<\/p>\n<h1 id=\"unsere-firmenphilosophie\">Unsere Firmenphilosophie<\/h1>\n<p>\u201eWenn Du denkst, es gibt etwas Wichtigeres als einen Kunden, dann denke nochmals.&#8220;<\/p>\n<p>Mit diesem Grundgedanken, Dienstleistung nach amerikanischem Vorbild zu leben, das hei\u00dft an 365 Tagen, 24 Stunden rund um die Uhr f\u00fcr unsere Kunden da zu sein, haben wir vor 10 Jahren begonnen unser Callcenter aufzubauen. Gepaart mit dem Anspruch \u201e&#8230; alles geht immer\u201c und \u201e&#8230; nichts ist unm\u00f6glich\u201c sowie Qualit\u00e4t im t\u00e4glichen Job fortw\u00e4hrend zu leben w\u00e4chst das Unternehmen stetig und kontrolliert.<\/p>\n<p>Alle Mitarbeiter, von der Reinigungskraft bis zur Gesch\u00e4ftsf\u00fchrung kennen nur einen Boss, den Kunden. Im Team f\u00fcr und mit dem Kunden arbeiten, Bereitschaft eines jeden Mitarbeiters jederzeit einen &#8222;Dienst zu leisten&#8220; ist Bedingung, umfangreiche Ausbildung und fachliches Know-how die Voraussetzung, qualifizierte und selbstbewusste Mitarbeiter sind der Schl\u00fcssel f\u00fcr unser Ergebnis einer hohen Kundenzufriedenheit.<\/p>\n<p>Flache Hierarchien mit qualifizierten und hoch motivierten Mitarbeitern erm\u00f6glichen ein schnelles und zuverl\u00e4ssiges Handeln, um auf Kundenw\u00fcnsche gezielt einzugehen. Die Anspr\u00fcche an unsere Mitarbeiter sind hoch, denn neben der unabdingbaren Teamf\u00e4higkeit sind gutes Deutsch, Fingerspitzengef\u00fchl und Belastbarkeit ebenso wichtige Kriterien, wie die F\u00e4higkeit aktiv zuzuh\u00f6ren und intuitiv zu reagieren. Die unterschiedlichsten F\u00e4higkeiten sind erw\u00fcnscht und werden gef\u00f6rdert. Mehrsprachige Mitarbeiter oder Verkaufstalente sind ebenso wichtig wie Techniker und Technik begabte. PC- und Englischkenntnisse sind Voraussetzung. Im Laufe der Zusammenarbeit tragen interne wie externe Schulungen und Fortbildungen dem hohen Qualit\u00e4tsanspruch Rechnung. Eines der wichtigsten Kriterien ist und bleibt jedoch \u201eder Spa\u00df am Job\u201c.<\/p>\n<p>[\/et_pb_text][et_pb_button button_text=&#8220;Jetzt Angebot anfordern!&#8220; _builder_version=&#8220;4.15.1&#8243; _module_preset=&#8220;default&#8220; theme_builder_area=&#8220;post_content&#8220; custom_button=&#8220;on&#8220; button_bg_color=&#8220;#0C71C3&#8243; button_bg_enable_color=&#8220;on&#8220; button_border_color=&#8220;#0C71C3&#8243; button_icon=&#8220;&#x3d;||divi||400&#8243; hover_enabled=&#8220;0&#8243; sticky_enabled=&#8220;0&#8243; button_alignment=&#8220;center&#8220; button_url=&#8220;@ET-DC@eyJkeW5hbWljIjp0cnVlLCJjb250ZW50IjoicG9zdF9saW5rX3VybF9wYWdlIiwic2V0dGluZ3MiOnsicG9zdF9pZCI6Ijc1In19@&#8220; _dynamic_attributes=&#8220;button_url&#8220;][\/et_pb_button][\/et_pb_column][\/et_pb_row][\/et_pb_section]<\/p>\n","protected":false},"excerpt":{"rendered":"<p>Unsere Firmenphilosophie \u201eWenn Du denkst, es gibt etwas Wichtigeres als einen Kunden, dann denke nochmals.&#8220; Mit diesem Grundgedanken, Dienstleistung nach amerikanischem Vorbild zu leben, das hei\u00dft an 365 Tagen, 24 Stunden rund um die Uhr f\u00fcr unsere Kunden da zu sein, haben wir vor 10 Jahren begonnen unser Callcenter aufzubauen. Gepaart mit dem Anspruch \u201e&#8230; [&hellip;]<\/p>\n","protected":false},"author":1,"featured_media":0,"parent":0,"menu_order":0,"comment_status":"closed","ping_status":"closed","template":"","meta":{"_seopress_robots_primary_cat":"","_seopress_titles_title":"","_seopress_titles_desc":"","_seopress_robots_index":"","_et_pb_use_builder":"on","_et_pb_old_content":"","_et_gb_content_width":"","footnotes":""},"class_list":["post-91","page","type-page","status-publish"],"_links":{"self":[{"href":"https:\/\/www.callcentercom.de\/index.php\/wp-json\/wp\/v2\/pages\/91","targetHints":{"allow":["GET"]}}],"collection":[{"href":"https:\/\/www.callcentercom.de\/index.php\/wp-json\/wp\/v2\/pages"}],"about":[{"href":"https:\/\/www.callcentercom.de\/index.php\/wp-json\/wp\/v2\/types\/page"}],"author":[{"embeddable":true,"href":"https:\/\/www.callcentercom.de\/index.php\/wp-json\/wp\/v2\/users\/1"}],"replies":[{"embeddable":true,"href":"https:\/\/www.callcentercom.de\/index.php\/wp-json\/wp\/v2\/comments?post=91"}],"version-history":[{"count":3,"href":"https:\/\/www.callcentercom.de\/index.php\/wp-json\/wp\/v2\/pages\/91\/revisions"}],"predecessor-version":[{"id":95,"href":"https:\/\/www.callcentercom.de\/index.php\/wp-json\/wp\/v2\/pages\/91\/revisions\/95"}],"wp:attachment":[{"href":"https:\/\/www.callcentercom.de\/index.php\/wp-json\/wp\/v2\/media?parent=91"}],"curies":[{"name":"wp","href":"https:\/\/api.w.org\/{rel}","templated":true}]}}