{"id":50,"date":"2022-03-30T10:36:18","date_gmt":"2022-03-30T10:36:18","guid":{"rendered":"https:\/\/beta.callcentercom.de\/?page_id=50"},"modified":"2022-03-30T11:32:49","modified_gmt":"2022-03-30T11:32:49","slug":"jobs","status":"publish","type":"page","link":"https:\/\/www.callcentercom.de\/index.php\/jobs\/","title":{"rendered":"Jobs"},"content":{"rendered":"<p>[et_pb_section fb_built=&#8220;1&#8243; _builder_version=&#8220;4.15.1&#8243; _module_preset=&#8220;default&#8220; global_colors_info=&#8220;{}&#8220;][et_pb_row column_structure=&#8220;1_2,1_2&#8243; _builder_version=&#8220;4.15.1&#8243; _module_preset=&#8220;default&#8220; global_colors_info=&#8220;{}&#8220;][et_pb_column type=&#8220;1_2&#8243; _builder_version=&#8220;4.15.1&#8243; _module_preset=&#8220;default&#8220; global_colors_info=&#8220;{}&#8220;][et_pb_text _builder_version=&#8220;4.15.1&#8243; _module_preset=&#8220;default&#8220; global_colors_info=&#8220;{}&#8220;]<\/p>\n<h3>F\u00fcr unseren Standort <strong>Berlin<\/strong><br \/>stellen wir ein:<\/h3>\n<p>&nbsp;<\/p>\n<h2><strong>Kundenberater:in (w\/m\/d) <\/strong><\/h2>\n<h3><strong>(Vollzeit\/Teilzeit\/Minijob)<\/strong><\/h3>\n<p>[\/et_pb_text][et_pb_button button_url=&#8220;#et_pb_contact_form_0&#8243; button_text=&#8220;Jetzt online bewerben!&#8220; _builder_version=&#8220;4.15.1&#8243; _module_preset=&#8220;default&#8220; custom_button=&#8220;on&#8220; button_text_color=&#8220;#FFFFFF&#8220; button_bg_color=&#8220;#0C71C3&#8243; button_border_color=&#8220;#0C71C3&#8243; button_icon=&#8220;&#xf0e0;||fa||400&#8243; button_icon_placement=&#8220;left&#8220; button_on_hover=&#8220;off&#8220; global_colors_info=&#8220;{}&#8220;][\/et_pb_button][et_pb_text _builder_version=&#8220;4.15.1&#8243; _module_preset=&#8220;default&#8220; global_colors_info=&#8220;{}&#8220;]<\/p>\n<h2>Wir bilden aus:<\/h2>\n<p>[\/et_pb_text][et_pb_accordion _builder_version=&#8220;4.15.1&#8243; _module_preset=&#8220;default&#8220; global_colors_info=&#8220;{}&#8220;][et_pb_accordion_item title=&#8220;Servicefachkraft (w\/m\/d) f\u00fcr Dialogmarketing&#8220; open=&#8220;on&#8220; _builder_version=&#8220;4.15.1&#8243; _module_preset=&#8220;default&#8220; global_colors_info=&#8220;{}&#8220;]<\/p>\n<p><strong>Auszubildende(r) (w\/m\/d) als Servicefachkraft f\u00fcr Dialogmarketing<\/strong><\/p>\n<p><strong>Aufgaben<\/strong>:<\/p>\n<p>Berufskundliche Kurzbeschreibung (Bundesagentur f\u00fcr Arbeit)<\/p>\n<p><strong>Anforderungen<\/strong>:<\/p>\n<p>Mind. Realschulabschluss<br \/>Praktikum in einem kaufm\u00e4nnischen Bereich von Vorteil<br \/>Computergrundkenntnisse<br \/>Gute Deutsch- und Mathematikkenntnisse<\/p>\n<p><strong>Wir bieten<\/strong>:<\/p>\n<p>einen modernen Ausbildungsplatz<br \/>vielseitige Ausbildung<br \/>\u00dcbernahmem\u00f6glichkeit<\/p>\n<p>Siehst du dich in dieser Beschreibung, dann freuen wir uns auf deine schriftliche Bewerbung an:<\/p>\n<p>Profil Dienstleistungen cc GmbH<br \/>Stichwort: Ausbildung<br \/>Bismarckstr. 42\/43<br \/>10627 Berlin<\/p>\n<p>[\/et_pb_accordion_item][et_pb_accordion_item title=&#8220;B\u00fcrokaufmann\/frau (w\/m\/d) f\u00fcr B\u00fcrokommunikation&#8220; _builder_version=&#8220;4.15.1&#8243; _module_preset=&#8220;default&#8220; global_colors_info=&#8220;{}&#8220; open=&#8220;off&#8220;]<\/p>\n<p>Dein Einstieg ins Berufsleben. Wir freuen uns auf Ihre Bewerbung zur Ausbildung als B\u00fcrokaufmann\/frau.<\/p>\n<p><strong>Aufgaben<\/strong>:<\/p>\n<p><a href=\"http:\/\/infobub.arbeitsagentur.de\/berufe\/start?dest=profession&amp;prof-id=7880\" target=\"_blank\" rel=\"nofollow noopener\">Berufskundliche Kurzbeschreibung (Bundesagentur f\u00fcr Arbeit)<\/a><\/p>\n<p><strong>Anforderungen<\/strong>:<\/p>\n<p>Mind. Realschulabschluss<br \/>Praktikum in einem Kfm Bereich v. Vorteil<br \/>Computergrundkenntnisse<br \/>Gute Deutsch- und Mathematikkenntnisse<\/p>\n<p><strong>Wir bieten<\/strong>:<\/p>\n<p>einen modernen Ausbildungsplatz<br \/>vielseitige Ausbildung<br \/>\u00dcbernahmem\u00f6glichkeit<\/p>\n<p>Siehst du dich in dieser Beschreibung, dann freuen wir uns auf deine schriftliche Bewerbung an: <\/p>\n<p>Profil Dienstleistungen cc GmbH<br \/>Stichwort: Ausbildung <br \/>Bismarckstr. 42\/43<br \/>10627 Berlin<\/p>\n<p>[\/et_pb_accordion_item][\/et_pb_accordion][\/et_pb_column][et_pb_column type=&#8220;1_2&#8243; _builder_version=&#8220;4.15.1&#8243; _module_preset=&#8220;default&#8220; global_colors_info=&#8220;{}&#8220;][et_pb_text _builder_version=&#8220;4.15.1&#8243; _module_preset=&#8220;default&#8220; hover_enabled=&#8220;0&#8243; sticky_enabled=&#8220;0&#8243;]<\/p>\n<p><span style=\"color: #666666; font-family: 'Open Sans', Arial, sans-serif; font-size: 14px; font-style: normal; font-variant-ligatures: normal; font-variant-caps: normal; font-weight: 500; letter-spacing: normal; orphans: 2; text-align: left; text-indent: 0px; text-transform: none; white-space: normal; widows: 2; word-spacing: 0px; -webkit-text-stroke-width: 0px; background-color: #ffffff; text-decoration-thickness: initial; text-decoration-style: initial; text-decoration-color: initial; display: inline !important; float: none;\">Du telefonierst gerne und hast auch in stressigen Situationen stets ein L\u00e4cheln auf den Lippen? M\u00f6chtest du in einem jungen, engagierten Team mitarbeiten? Dann freuen wir uns auf deine Bewerbung als Kundenberater.<\/span><\/p>\n<p><span style=\"color: #666666; font-family: 'Open Sans', Arial, sans-serif; font-size: 14px; font-style: normal; font-variant-ligatures: normal; font-variant-caps: normal; font-weight: 500; letter-spacing: normal; orphans: 2; text-align: left; text-indent: 0px; text-transform: none; white-space: normal; widows: 2; word-spacing: 0px; -webkit-text-stroke-width: 0px; background-color: #ffffff; text-decoration-thickness: initial; text-decoration-style: initial; text-decoration-color: initial; display: inline !important; float: none;\">Wir bieten: ein faires Gehalt, flexible Arbeitszeiten, gute Aufstiegsm\u00f6glichkeiten und eine abwechslungsreiche T\u00e4tigkeit.<\/span><\/p>\n<p>[\/et_pb_text][et_pb_contact_form email=&#8220;jobs@profil24.de&#8220; title=&#8220;Jetzt bewerben:&#8220; custom_message=&#8220;Eine neue Bewerbung als %%Stelle%% ist eingegangen.||et_pb_line_break_holder||||et_pb_line_break_holder||Name: %%Vorname%% %%Name%%||et_pb_line_break_holder||E-Mail: %%Email%%||et_pb_line_break_holder||Telefon: %%Telefon%%||et_pb_line_break_holder||Nachricht: %%Message%%||et_pb_line_break_holder||||et_pb_line_break_holder||Bewerbung via callcentercom.de||et_pb_line_break_holder||&#8220; success_message=&#8220;Vielen Dank f\u00fcr die Bewerbung! Wir melden uns in K\u00fcrze.&#8220; submit_button_text=&#8220;Absenden&#8220; admin_label=&#8220;Bewerbunsgformular&#8220; _builder_version=&#8220;4.15.1&#8243; _module_preset=&#8220;default&#8220; _unique_id=&#8220;13d6fb54-b838-4d3e-9d90-cf5ff2739555&#8243; form_field_text_color=&#8220;#000000&#8243; captcha_text_color=&#8220;#000000&#8243; custom_button=&#8220;on&#8220; button_bg_color=&#8220;#0C71C3&#8243; button_border_color=&#8220;#0C71C3&#8243; animation_style=&#8220;fade&#8220; hover_enabled=&#8220;0&#8243; global_colors_info=&#8220;{}&#8220; sticky_enabled=&#8220;0&#8243;][et_pb_contact_field field_id=&#8220;Stelle&#8220; field_title=&#8220;Stelle&#8220; field_type=&#8220;select&#8220; select_options=&#8220;%91{%22value%22:%22Kundenberater:in (w\/m\/d)%22,%22checked%22:0,%22dragID%22:-1}%93&#8243; fullwidth_field=&#8220;on&#8220; _builder_version=&#8220;4.15.1&#8243; _module_preset=&#8220;default&#8220; global_colors_info=&#8220;{}&#8220;][\/et_pb_contact_field][et_pb_contact_field field_id=&#8220;Vorname&#8220; field_title=&#8220;Vorname&#8220; _builder_version=&#8220;4.15.1&#8243; global_colors_info=&#8220;{}&#8220; button_text_size__hover_enabled=&#8220;off&#8220; button_one_text_size__hover_enabled=&#8220;off&#8220; button_two_text_size__hover_enabled=&#8220;off&#8220; button_text_color__hover_enabled=&#8220;off&#8220; button_one_text_color__hover_enabled=&#8220;off&#8220; button_two_text_color__hover_enabled=&#8220;off&#8220; button_border_width__hover_enabled=&#8220;off&#8220; button_one_border_width__hover_enabled=&#8220;off&#8220; button_two_border_width__hover_enabled=&#8220;off&#8220; button_border_color__hover_enabled=&#8220;off&#8220; button_one_border_color__hover_enabled=&#8220;off&#8220; button_two_border_color__hover_enabled=&#8220;off&#8220; button_border_radius__hover_enabled=&#8220;off&#8220; button_one_border_radius__hover_enabled=&#8220;off&#8220; button_two_border_radius__hover_enabled=&#8220;off&#8220; button_letter_spacing__hover_enabled=&#8220;off&#8220; button_one_letter_spacing__hover_enabled=&#8220;off&#8220; button_two_letter_spacing__hover_enabled=&#8220;off&#8220; button_bg_color__hover_enabled=&#8220;off&#8220; button_one_bg_color__hover_enabled=&#8220;off&#8220; button_two_bg_color__hover_enabled=&#8220;off&#8220;][\/et_pb_contact_field][et_pb_contact_field field_id=&#8220;Name&#8220; field_title=&#8220;Name&#8220; _builder_version=&#8220;4.15.1&#8243; global_colors_info=&#8220;{}&#8220; button_text_size__hover_enabled=&#8220;off&#8220; button_one_text_size__hover_enabled=&#8220;off&#8220; button_two_text_size__hover_enabled=&#8220;off&#8220; button_text_color__hover_enabled=&#8220;off&#8220; button_one_text_color__hover_enabled=&#8220;off&#8220; button_two_text_color__hover_enabled=&#8220;off&#8220; button_border_width__hover_enabled=&#8220;off&#8220; button_one_border_width__hover_enabled=&#8220;off&#8220; button_two_border_width__hover_enabled=&#8220;off&#8220; button_border_color__hover_enabled=&#8220;off&#8220; button_one_border_color__hover_enabled=&#8220;off&#8220; button_two_border_color__hover_enabled=&#8220;off&#8220; button_border_radius__hover_enabled=&#8220;off&#8220; button_one_border_radius__hover_enabled=&#8220;off&#8220; button_two_border_radius__hover_enabled=&#8220;off&#8220; button_letter_spacing__hover_enabled=&#8220;off&#8220; button_one_letter_spacing__hover_enabled=&#8220;off&#8220; button_two_letter_spacing__hover_enabled=&#8220;off&#8220; button_bg_color__hover_enabled=&#8220;off&#8220; button_one_bg_color__hover_enabled=&#8220;off&#8220; button_two_bg_color__hover_enabled=&#8220;off&#8220;][\/et_pb_contact_field][et_pb_contact_field field_id=&#8220;Email&#8220; field_title=&#8220;E-Mail-Adresse&#8220; field_type=&#8220;email&#8220; _builder_version=&#8220;4.15.1&#8243; global_colors_info=&#8220;{}&#8220; button_text_size__hover_enabled=&#8220;off&#8220; button_one_text_size__hover_enabled=&#8220;off&#8220; button_two_text_size__hover_enabled=&#8220;off&#8220; button_text_color__hover_enabled=&#8220;off&#8220; button_one_text_color__hover_enabled=&#8220;off&#8220; button_two_text_color__hover_enabled=&#8220;off&#8220; button_border_width__hover_enabled=&#8220;off&#8220; button_one_border_width__hover_enabled=&#8220;off&#8220; button_two_border_width__hover_enabled=&#8220;off&#8220; button_border_color__hover_enabled=&#8220;off&#8220; button_one_border_color__hover_enabled=&#8220;off&#8220; button_two_border_color__hover_enabled=&#8220;off&#8220; button_border_radius__hover_enabled=&#8220;off&#8220; button_one_border_radius__hover_enabled=&#8220;off&#8220; button_two_border_radius__hover_enabled=&#8220;off&#8220; button_letter_spacing__hover_enabled=&#8220;off&#8220; button_one_letter_spacing__hover_enabled=&#8220;off&#8220; button_two_letter_spacing__hover_enabled=&#8220;off&#8220; button_bg_color__hover_enabled=&#8220;off&#8220; button_one_bg_color__hover_enabled=&#8220;off&#8220; button_two_bg_color__hover_enabled=&#8220;off&#8220;][\/et_pb_contact_field][et_pb_contact_field field_id=&#8220;Telefon&#8220; field_title=&#8220;Telefonnummer&#8220; allowed_symbols=&#8220;numbers&#8220; _builder_version=&#8220;4.15.1&#8243; _module_preset=&#8220;default&#8220; global_colors_info=&#8220;{}&#8220;][\/et_pb_contact_field][et_pb_contact_field field_id=&#8220;Message&#8220; field_title=&#8220;Nachricht&#8220; field_type=&#8220;text&#8220; fullwidth_field=&#8220;on&#8220; _builder_version=&#8220;4.15.1&#8243; global_colors_info=&#8220;{}&#8220; button_text_size__hover_enabled=&#8220;off&#8220; button_one_text_size__hover_enabled=&#8220;off&#8220; button_two_text_size__hover_enabled=&#8220;off&#8220; button_text_color__hover_enabled=&#8220;off&#8220; button_one_text_color__hover_enabled=&#8220;off&#8220; button_two_text_color__hover_enabled=&#8220;off&#8220; button_border_width__hover_enabled=&#8220;off&#8220; button_one_border_width__hover_enabled=&#8220;off&#8220; button_two_border_width__hover_enabled=&#8220;off&#8220; button_border_color__hover_enabled=&#8220;off&#8220; button_one_border_color__hover_enabled=&#8220;off&#8220; button_two_border_color__hover_enabled=&#8220;off&#8220; button_border_radius__hover_enabled=&#8220;off&#8220; button_one_border_radius__hover_enabled=&#8220;off&#8220; button_two_border_radius__hover_enabled=&#8220;off&#8220; button_letter_spacing__hover_enabled=&#8220;off&#8220; button_one_letter_spacing__hover_enabled=&#8220;off&#8220; button_two_letter_spacing__hover_enabled=&#8220;off&#8220; button_bg_color__hover_enabled=&#8220;off&#8220; button_one_bg_color__hover_enabled=&#8220;off&#8220; button_two_bg_color__hover_enabled=&#8220;off&#8220;][\/et_pb_contact_field][et_pb_contact_field field_id=&#8220;Datenschutz&#8220; field_title=&#8220;Datenschutz&#8220; field_type=&#8220;checkbox&#8220; checkbox_options=&#8220;%91{%22value%22:%22Den Datenschutzbedingungen stimme ich zu.%22,%22checked%22:0,%22dragID%22:-1,%22link_url%22:%22https:\/\/www.callcentercom.de\/index.php\/datenschutz\/%22}%93&#8243; fullwidth_field=&#8220;on&#8220; field_title_tablet=&#8220;Datenschutz&#8220; field_title_phone=&#8220;Datenschutz&#8220; field_title_last_edited=&#8220;on|phone&#8220; _builder_version=&#8220;4.15.1&#8243; _module_preset=&#8220;default&#8220; link_option_url_new_window=&#8220;on&#8220; global_colors_info=&#8220;{}&#8220;][\/et_pb_contact_field][\/et_pb_contact_form][\/et_pb_column][\/et_pb_row][\/et_pb_section]<\/p>\n","protected":false},"excerpt":{"rendered":"<p>F\u00fcr unseren Standort Berlinstellen wir ein: &nbsp; Kundenberater:in (w\/m\/d) (Vollzeit\/Teilzeit\/Minijob)Wir bilden aus:Auszubildende(r) (w\/m\/d) als Servicefachkraft f\u00fcr Dialogmarketing Aufgaben: Berufskundliche Kurzbeschreibung (Bundesagentur f\u00fcr Arbeit) Anforderungen: Mind. RealschulabschlussPraktikum in einem kaufm\u00e4nnischen Bereich von VorteilComputergrundkenntnisseGute Deutsch- und Mathematikkenntnisse Wir bieten: einen modernen Ausbildungsplatzvielseitige Ausbildung\u00dcbernahmem\u00f6glichkeit Siehst du dich in dieser Beschreibung, dann freuen wir uns auf deine schriftliche Bewerbung [&hellip;]<\/p>\n","protected":false},"author":1,"featured_media":0,"parent":0,"menu_order":0,"comment_status":"closed","ping_status":"closed","template":"","meta":{"_seopress_robots_primary_cat":"","_seopress_titles_title":"","_seopress_titles_desc":"","_seopress_robots_index":"","_et_pb_use_builder":"on","_et_pb_old_content":"","_et_gb_content_width":"","footnotes":""},"class_list":["post-50","page","type-page","status-publish"],"_links":{"self":[{"href":"https:\/\/www.callcentercom.de\/index.php\/wp-json\/wp\/v2\/pages\/50","targetHints":{"allow":["GET"]}}],"collection":[{"href":"https:\/\/www.callcentercom.de\/index.php\/wp-json\/wp\/v2\/pages"}],"about":[{"href":"https:\/\/www.callcentercom.de\/index.php\/wp-json\/wp\/v2\/types\/page"}],"author":[{"embeddable":true,"href":"https:\/\/www.callcentercom.de\/index.php\/wp-json\/wp\/v2\/users\/1"}],"replies":[{"embeddable":true,"href":"https:\/\/www.callcentercom.de\/index.php\/wp-json\/wp\/v2\/comments?post=50"}],"version-history":[{"count":13,"href":"https:\/\/www.callcentercom.de\/index.php\/wp-json\/wp\/v2\/pages\/50\/revisions"}],"predecessor-version":[{"id":74,"href":"https:\/\/www.callcentercom.de\/index.php\/wp-json\/wp\/v2\/pages\/50\/revisions\/74"}],"wp:attachment":[{"href":"https:\/\/www.callcentercom.de\/index.php\/wp-json\/wp\/v2\/media?parent=50"}],"curies":[{"name":"wp","href":"https:\/\/api.w.org\/{rel}","templated":true}]}}